f k?
0
Suppose -w = -9*w + 16. What is the units digit of w*18 - (-9 + 5)?
0
Suppose 2*q - 7 = 5*k - 67, 120 = -4*q + 4*k. Let v = q + 38. Suppose 9*l - v*l = 9. What is the units digit of l?
9
What is the units digit of 1031*(-1 + -6 + 8)?
1
Let w = 401 - 245. Let h = 32 + w. What is the hundreds digit of h?
1
Let u = -3867 - -6632. What is the units digit of u?
5
Let v = -297 - -390. What is the units digit of v?
3
Suppose 6*q - 848 = -2*n + 2*q, 0 = 5*q + 25. What is the hundreds digit of n?
4
Let j = 29 + 7. Let a = j - -40. What is the tens digit of a?
7
Let d = 1377 + -723. What is the tens digit of d?
5
Let w be (-2)/(0 + 5/(-480)). Suppose -6*z + 3*z = -w. What is the units digit of z?
4
Suppose 0 = -4*t + o + 28, -6*t - 5*o - 28 = -10*t. Suppose 3 = 3*j, 395 = 4*p - t*j + 2*j. What is the hundreds digit of p?
1
Let z = 26 + -12. Let y = 20 - z. Suppose y*u + 12 = 10*u. What is the units digit of u?
3
Suppose -o + 3*r = 7*r + 1, -5*o + 2*r = 93. Let v = 19 - o. What is the units digit of v?
6
Let c(b) be the third derivative of 43*b**5/10 + b**4/8 + b**3/6 - b**2 + 43. What is the units digit of c(-1)?
6
Let d(w) = w - 24. Let k be d(8). Let j = 100 + k. What is the tens digit of j?
8
Suppose 101 = -4*k - 275. Let h be 1 + k*(-1)/(-2). Let q = 70 + h. What is the tens digit of q?
2
Suppose 7*n + 348 = n. Let y = n - -133. What is the tens digit of y?
7
Let r(q) = 14*q**2 - 2*q. Let x be r(2). Suppose z + 2*t = x, 14 = z - 2*t - 22. Suppose 13 = 3*s - z. What is the units digit of s?
9
Let o = 94 + -88. Suppose 1120 = -2*u + o*u. What is the hundreds digit of u?
2
Let u(y) = 137*y**3 + 2*y**2 - y - 2. Let w be u(-1). Let a = w + 392. What is the units digit of a?
6
Let l(w) be the first derivative of 4*w**3/3 - 5*w**2/2 - 10*w + 11. What is the tens digit of l(-3)?
4
Suppose 3*t + 34 = 4*k, -2*k + 4*k - 20 = 3*t. Let n = 6 + k. What is the tens digit of n?
1
Suppose -s + 2 = -5*m - 26, -4*s - 3*m = -20. Let r(n) = -8*n**2 - 2 + n**3 + s - n - 4*n - n. What is the tens digit of r(9)?
3
Suppose 0 = g + 5*w - 16 - 6, -39 = -2*g - 5*w. Let i(c) = -c**2 + 15*c + 42. What is the units digit of i(g)?
8
Suppose -n - 19 = -23, -5*v + 4*n + 17434 = 0. What is the units digit of v?
0
Suppose -2*y - 5*w + 998 = 0, 14*y - 19*y - 2*w + 2516 = 0. What is the units digit of y?
4
Suppose 0 = -3*w + 257 + 808. Suppose -w = -5*h - 65. What is the tens digit of h?
5
Let h = 189 + -108. Let w = -22 + h. What is the units digit of w?
9
Suppose 16*m - 72 = 4*m. Let i(w) be the third derivative of w**5/60 - w**4/8 - w**3/2 - w**2. What is the units digit of i(m)?
5
Let t(l) = 6*l**2 + 10*l + 9. Suppose -12 - 2 = 2*a. What is the hundreds digit of t(a)?
2
Let i(b) = b**3 + 2*b**2 - 9. Suppose -u - 3*u + 20 = 0. What is the tens digit of i(u)?
6
Let v(c) = 32*c**3 + 3*c**2 - 11*c + 21. What is the units digit of v(3)?
9
What is the tens digit of (-10)/80*2 - 3274/(-8)?
0
Let v = 1139 - 622. What is the tens digit of v?
1
Let o(m) be the second derivative of -m**5/10 + 13*m**4/12 + 7*m**3/6 - 8*m**2 - 34*m. What is the tens digit of o(6)?
6
Suppose 2*s + 12 + 16 = 0. Let y = 10 + s. What is the tens digit of 10*y/((-16)/6)?
1
Let i be (-3)/2 + 15/(-6). Let p = 8 + i. Suppose 3*t + 39 = p*t. What is the units digit of t?
9
Suppose -4*a + 20 = 0, 0*a = -4*x + a + 2219. What is the units digit of x?
6
Suppose 3*a + 2*l - 475 = -0*l, 314 = 2*a + 4*l. What is the tens digit of a?
5
Let n = 33 + -22. Suppose -2*l + 61 = n. Let w = l + -9. What is the units digit of w?
6
Suppose -8 = -6*y + 16. Suppose y*m = -m + 70. Let w(x) = 5*x + 4. What is the tens digit of w(m)?
7
Suppose 2*v + 14 = -4*a, -5*v + 2*v = 3*a + 18. What is the units digit of (-3 + a)*1*-5?
0
Let w be (3/(-2))/((-36)/384). Let j = w + -11. Suppose 2*f - 18 = -4*v, j*v + 12 = -8. What is the units digit of f?
7
Let y(o) = 7*o - 17. Let k be y(12). Suppose 2*r = -2, r = 5*u + 97 + k. Let z = -13 - u. What is the units digit of z?
0
Let v(q) = q - 14. Let c be v(14). Suppose c = 4*h - 3*h - 20. What is the units digit of h?
0
Let n(r) = -17*r + 75. What is the units digit of n(-13)?
6
What is the tens digit of ((4008/32)/3)/(2/72)?
0
Let w = 17 + -15. Suppose 3*b + 0*b = 3*i + 3, 2*b = i + 1. Suppose 5*t = -u + 23, b = w*t - 3*t. What is the units digit of u?
3
Suppose 6*u - 1770 = 4*u. Suppose -143*m = -138*m - u. What is the tens digit of m?
7
Let y(s) = 3*s**2 + 17*s - 7. Let n be y(-6). What is the units digit of (-611)/26*(-3 - n)?
7
Let j = 7343 - 5200. What is the hundreds digit of j?
1
Suppose -4*g + 644 = -800. What is the tens digit of g?
6
Let b(i) be the second derivative of 1/3*i**3 + 0 + 5*i**2 - 10*i. What is the units digit of b(0)?
0
What is the units digit of (12/(-8))/((-12)/296)?
7
Let w(s) = s**2 + 2. Let t be w(2). Suppose -3*m + t = -3. Suppose -4*x + 2*v = -18, 3 = 4*x + m*v - 2*v. What is the units digit of x?
2
Let k(x) = x**3 - 8*x**2 - 9*x + 7. Let h = -29 - -33. Suppose 13 = h*t - 23. What is the units digit of k(t)?
7
Suppose 56 = -36*o + 6644. What is the tens digit of o?
8
Suppose 1902 = z + 4*w + 139, -3*w + 6 = 0. What is the hundreds digit of z?
7
Suppose -19 = -5*f + 6. Suppose 4*o - 3*b - 79 = -6*b, -3*o + 81 = -f*b. Suppose -3*n + n - o = -2*p, 4*n + 22 = 2*p. What is the units digit of p?
1
Let n = -3 - -9. Let m(g) = -g**3 + 16*g**2 - 9*g + 17. What is the tens digit of m(n)?
2
Let y = -326 - -906. Suppose 2*u + 34 = y. What is the hundreds digit of u?
2
Suppose -3*m - 3*l = -1185, m + 4*l = 5*l + 389. What is the hundreds digit of m?
3
Let y(b) = 58*b**3 + b**2 - 1. Let r be (1 + 2)/((-12)/(-56)). Let w(x) = -x + 15. Let j be w(r). What is the units digit of y(j)?
8
Let x be (-6)/(-10)*(-15)/3. Let j be x - (-2)/1 - 2. What is the tens digit of (2 + j)/(4/(-92))?
2
Suppose 121365 - 24975 = 27*z. What is the hundreds digit of z?
5
Suppose -j + 3*z + 15 = 0, -2*j - 5*z - 43 + 18 = 0. Suppose 2*d + 15 - 177 = j. What is the units digit of d?
1
Let l = 1014 + -370. What is the hundreds digit of l?
6
Let b(k) = -4*k + k**3 + 13*k**2 - 7*k - 2 - 4 - 4*k**2. Let j be b(-10). Suppose -2*f - 177 = -5*f - 4*i, 4*i = j*f - 236. What is the units digit of f?
9
Let r(s) = 3*s**2 + 11*s + 14. Let z be r(6). Suppose -2*v - 4 + z = 0. What is the units digit of v?
2
Let x = 7 - 7. Suppose 0*i - i + 32 = x. What is the units digit of i?
2
Let c(m) = 41*m + 1. Let d be c(-1). Let u be 10/55 - d/22. What is the tens digit of 429/(-26)*u/(-3)?
1
Let s = -163 - -305. Suppose -2*d + 0*d = -s. What is the units digit of d?
1
Let t(u) = -2*u**2 + u + 1. Let o be t(-1). Let w be o/10 + (-16)/(-5). Suppose 2*v + w*z + 99 = 5*v, 0 = 5*v + 5*z - 145. What is the tens digit of v?
3
Let k = -555 - -631. What is the units digit of k?
6
Suppose 5*r = 4*r + 115. What is the units digit of r?
5
Let n be (-20)/30*(-2)/4*87. Let l = n + -9. What is the units digit of l?
0
Suppose 0 = -3*f + 4*f + 40. Let q = f - -75. What is the units digit of q?
5
Suppose 33488 = -695*g + 703*g. What is the tens digit of g?
8
What is the hundreds digit of ((-165)/(-45))/(4/324)?
2
Suppose 19*v + 0*v - 23541 = 0. What is the thousands digit of v?
1
Let v = 246 + -164. What is the units digit of v?
2
What is the tens digit of 1 + -7 + (100 - 2)?
9
Suppose -40*w + 35*w = -25. Suppose w*z - 19 = 81. What is the tens digit of z?
2
Suppose 1205 = -2*u + 9307. What is the tens digit of u?
5
Let y = 734 + -154. What is the tens digit of y?
8
Suppose -2*s + 4*k = 4, 2*k - 8 = -2. Suppose s*f - 74 = 34. What is the tens digit of f?
2
Suppose 40 = 4*t - 12. Let v = t - 8. Suppose 80 = -o + v*o. What is the tens digit of o?
2
Let c(z) = 89*z**3 - 2*z - 4. What is the hundreds digit of c(2)?
7
Suppose -2*h = -2*z + 3 + 9, 0 = -3*z - 3*h + 30. What is the units digit of (-80)/(-3) - ((-64)/(-12))/z?
6
Suppose 2*k - 4 - 2 = 0. What is the tens digit of 40/(4/12*k)?
4
Suppose -112 - 8 = 4*c. Let k be ((-24)/c)/((-2)/(-20)). Suppose -4*x + k*x = 224. What is the units digit of x?
6
What is the units digit of 17445/25 + 1 + 12/(-15)?
8
Suppose 9*y = 15*y - 72. Suppose -y*d - 356 = -14*d. What is the hundreds digit of d?
1
What is the hundreds digit of (32 - 31) + 219*13?
8
Let t be ((-6)/(-4))/(3/8). Let p = 11 + t. Suppose 2*o 